Suppose 64 = f*p + 2*r, 4*p - 2*p = r + 40. What is the remainder when 101/2 - (-1)/2 is divided by p?
15
Suppose 2*j = -j, -j - 290 = -5*z. What is the remainder when 115 is divided by z?
57
Let a = -42 + 102. Calculate the remainder when -57*a/9*(-1)/4 is divided by 16.
15
Let s(j) = 4*j + 185. Calculate the remainder when s(-25) is divided by 23.
16
Let y be (10/(-4))/((-9)/(-180)). Let w = 94 + y. Suppose 0*s + 64 = 2*s + d, 2*s - w = 4*d. Calculate the remainder when s is divided by 16.
14
Let o(l) = 5*l + 14. What is the remainder when o(9) is divided by 21?
17
Let r(l) = 13 - 1 + 0*l + l. What is the remainder when 14 is divided by r(-8)?
2
Calculate the remainder when 123 is divided by (2 - 4)*172/(-8).
37
Let r(j) = -j**3 - j**2 - j - 1. Let k(c) = -2*c**2 - c - 15. Let n(a) = -k(a) + r(a). What is the remainder when 21 is divided by n(0)?
7
Suppose -4*i + 620 = 20*n - 24*n, -282 = -2*i - 5*n. What is the remainder when i is divided by 39?
34
Suppose -2*h = -91 - 15. What is the remainder when h is divided by 16*(-1)/(-32)*36?
17
Let i be 12/18*(-210)/(-4). Let p = -12 + i. Suppose 2*t - 2*x - 9 = p, 5*t + 5*x = 110. Calculate the remainder when 55 is divided by t.
17
Suppose 0 = 89*u - 97*u + 352. Suppose 0*p - 25 = -2*p + h, 35 = 2*p + h. Calculate the remainder when u is divided by p.
14
Suppose 11*k - 12*k = -46. Let y = k - 22. Suppose -65 = -x + 5*p, -4*x - x + 4*p + 241 = 0. Calculate the remainder when x is divided by y.
21
Let z(u) = 5*u**2 - 4*u + 567. What is the remainder when z(0) is divided by 57?
54
Let x = -7 - -12. Suppose 8 = 2*q + x*o, 8 = 2*q - 3*o + o. Let t = q + 6. Calculate the remainder when 29 is divided by t.
9
Let f = -89 + 91. Suppose 0 = -v - 3*t + 26, -2*v - 6 = -f*t - 90. Calculate the remainder when 108 is divided by v.
32
Let k(q) = -q**3 - 16*q**2 - 14*q - 30. Calculate the remainder when k(-16) is divided by 14.
12
Let f = -881 + 1080. What is the remainder when 207 is divided by f?
8
Suppose 0*u - 2*u = -100. Let i(h) = -h**3 + 16*h**2 - 15*h + 35. Let n be i(15). Let s = u - n. What is the remainder when 27 is divided by s?
12
Suppose -u - 8 = -2*d, u + 5*d - 2 = 2*d. Calculate the remainder when u/(-12) - (-86)/3 is divided by 16.
13
Let p(a) = -a**2 - 3*a + 77. Calculate the remainder when 174 is divided by p(-9).
13
Suppose -7*v - 21 = -9*v - 5*i, 0 = -3*v - 5*i + 24. Suppose 33 = 4*u + k, 0 = -v*u + 4*k + k - 4. What is the remainder when 7 is divided by u?
0
Let l = -98 - -105. Calculate the remainder when 66 is divided by l.
3
Suppose 0 = -12*h + 11*h + 4. Calculate the remainder when (1 - -5)*6/h is divided by 1/((-2)/(-6))*1.
0
Let u be (-14)/8 + 2 + (-55)/(-20). Suppose 4*c - u*i = 186, 50 = c - 0*c + i. What is the remainder when 191 is divided by c?
47
Let o(l) be the first derivative of 16*l**3 + l**2 + 3*l - 8. Calculate the remainder when o(-1) is divided by 17.
15
Let z(f) = -2*f**3 - 26*f**2 - 4*f - 15. Calculate the remainder when z(-13) is divided by 26.
11
Let n be (8/3)/((-20)/(-30)). Suppose -2*v + 27 = 3*a, -n*a = 4*v - 5*a - 19. Let m = -25 + 42. Calculate the remainder when m is divided by v.
5
Calculate the remainder when 22 is divided by -12*(-4)/80*20.
10
Let j(c) = 11*c - 4. Calculate the remainder when j(9) is divided by 11 - (12 + 4) - (-31 + 1).
20
Let m = -4 + 10. Let r = 23 - 26. What is the remainder when 4/r - (-612)/54 is divided by m?
4
Suppose -7*l + 10*l + 33 = 0. Let a = -7 - l. Suppose 0*t - a*t + 52 = 0. What is the remainder when 37 is divided by t?
11
Let r(x) = x**3 - 7*x**2 + 6*x. Let j be r(6). Suppose j = 5*d - 174 + 64. Suppose 13 = 2*w + 1. Calculate the remainder when d is divided by w.
4
Let u = 4846 - 4822. Let j be 2*1/2*-1. Let g = j - -10. Calculate the remainder when u is divided by g.
6
Let m(b) be the first derivative of -7*b**2 - 22. Suppose 0 = 2*s + 4, 5*d + 18 = -5*s + s. Calculate the remainder when m(d) is divided by 6.
4
Let f(v) = 23*v**2 + 21*v + 41. Calculate the remainder when f(-2) is divided by 4.
3
Suppose -765 = 4*n + 3*x, -n + 0*n - 195 = 2*x. Let r = 274 + n. What is the remainder when r is divided by 24?
13
Let h(d) = 5*d + 4. Let j be -6*-3*(-28)/18. Let z = j + 43. Calculate the remainder when h(5) is divided by z.
14
Let j(a) = 4*a + 8 + 2 + 3*a. What is the remainder when j(9) is divided by 25?
23
Calculate the remainder when 4 + (-28)/28 + (-242)/(-1) is divided by 21.
14
Let y be (-2)/(3/((-21)/2)). Suppose -y - 1 = -4*j. What is the remainder when 3 is divided by j?
1
Let m = 896 - 824. What is the remainder when 131 is divided by m?
59
Let o(k) = -13 - 25 + 19 - 26 + 12*k. What is the remainder when 26 is divided by o(5)?
11
Let b(d) = 2*d + 3. Suppose -4*u + 5*r = -32, -2*u - 5*r = -r + 10. Let q(a) = -a**2 - a + 25. What is the remainder when q(0) is divided by b(u)?
7
Let a = -143 + 245. Let s = 73 - 66. What is the remainder when 42 is divided by 3/s - a/(-7)?
12
Let o(t) = -12*t**2 - 3*t + 1. Let a be o(1). Let y(x) = x**3 + 13*x**2 - 18*x - 19. What is the remainder when y(a) is divided by 13?
11
Suppose -49 = -4*c + 59. Suppose 5*z + x - 3 = c, -3*z - 5*x = -18. Calculate the remainder when (-1)/(5/22)*-5 is divided by z.
4
Suppose -7*j - 67 = -165. What is the remainder when (-275)/(-10)*(1 - -1) is divided by j?
13
Suppose -3*b - 4*a = -101, -2*b - 4*a + 70 = -0*b. Let o = b - 8. Let t(v) = -2*v**3 - 7*v**2 + v - 3. Calculate the remainder when t(-5) is divided by o.
21
Let s(j) = -2*j - 1. Let f be s(1). Let l(p) = p**3 + 8*p**2 + 5*p - 2. What is the remainder when 50 is divided by l(f)?
22
Let l = 4 + 2. Suppose 8*q - 3*d = 7*q + 12, 0 = 2*q + 5*d + 9. What is the remainder when l is divided by q?
0
Let i be ((-4)/(-6))/((-10)/735). Let h = -17 - i. What is the remainder when 59 is divided by h?
27
Suppose 3*s + 166 = 5*s. Suppose s - 206 = -3*u. Calculate the remainder when u is divided by 11.
8
Let d be 975/(-12) + 3/12. Let o = -49 - d. Suppose -4*c + 5*t = 14 - 68, 2*t + 15 = c. Calculate the remainder when o is divided by c.
10
Suppose -2*z = -4*y + 4, 5*z + 56*y = 57*y + 35. Calculate the remainder when (-1)/3*(-69 + 0) is divided by z.
7
Suppose 0 = -5*k + k + 472. Let d = -68 + 40. Let o = 58 + d. What is the remainder when k is divided by o?
28
Let b be 2/(-1 + 2) + 0. Suppose -b*v + 110 = -6. Suppose 26 = 3*o - v. What is the remainder when o is divided by 15?
13
Let c(j) = 263 - 278 + 10*j + 0*j - j**2. Calculate the remainder when c(6) is divided by 1/(-3) + (-32)/(-6).
4
Let k(u) = 4*u**2 + 4*u + 21. What is the remainder when k(-6) is divided by 24?
21
Let a = -4 + 8. Suppose -j + a*j = 186. Suppose 0 = -5*u + 3*u + 32. What is the remainder when j is divided by u?
14
Suppose 0 = -43*u + 36*u + 273. What is the remainder when u is divided by (4/(-5))/((-2)/35)?
11
Let o(j) = -9*j**2 - 8*j - 1. Let b be o(3). What is the remainder when (-4 - 0)/16 - b/8 is divided by 10?
3
Let h be (-618)/(-11) + 2/(-11). Suppose w = v - 8, -w - 4*w = 3*v - h. Suppose 14 = -2*p + 4*p. What is the remainder when v is divided by p?
5
Suppose 1452 = -19*q + 30*q. Calculate the remainder when q is divided by 15.
12
Let c = -135 - -209. Suppose 5*y - 4*w - 81 = 0, 3*y - 5*w = -0*w + 59. What is the remainder when c is divided by y?
9
Suppose q - 1 = 0, -5*n - 58*q + 172 = -61*q. What is the remainder when -5 + 3 + -1 + 99 is divided by n?
26
Suppose -4*i - 5*w + 152 = -7*w, 4*i = -5*w + 152. What is the remainder when i is divided by 1*(-16*1)/(-2)?
6
Suppose -25 = -w + y + 23, 0 = -y - 1. Let f = -33 + 37. Suppose v - x + 13 = 39, f*v + 5*x = 95. What is the remainder when w is divided by v?
22
Let q(p) = -p**2 + 3*p + 5. Let a(y) = -2*y**2 - 2*y + 3. Let j be a(1). Calculate the remainder when (-4 + 3 - j) + 2 is divided by q(4).
0
Let x(z) = -z**2 + 46*z - 103. Calculate the remainder when x(17) is divided by 23.
22
Let l = -7 + 12. Let s = 2280 - 2265. Calculate the remainder when s is divided by l.
0
Let w(j) = -j**2 - 1. Let g be w(0). Calculate the remainder when 14 is divided by (1/3)/(g/(-18)).
2
Let q be 16/(-12)*(-6)/4. Suppose -5*d - 153 = 2*g - 6*g, 4*d = -5*g + 181. Calculate the remainder when (q/(-4))/(1/(-142)) is divided by g.
34
Let v(a) = 3*a**3 - 2*a**2 - 4*a - 1. Let i be v(-3). Let s